{"id":827,"date":"2021-08-18T12:43:50","date_gmt":"2021-08-18T10:43:50","guid":{"rendered":"https:\/\/masai-gym.com\/?page_id=827"},"modified":"2021-08-25T12:30:18","modified_gmt":"2021-08-25T10:30:18","slug":"kickboxen","status":"publish","type":"page","link":"https:\/\/masai-gym.com\/index.php\/kickboxen\/","title":{"rendered":"Kickboxen"},"content":{"rendered":"<h1><ul class=\"cro_col_4 teamer\"><li class=\"cro_teamli clearfix \"><div class=\"imgouter imgteamshort cro_eqheight\"><a href=\"https:\/\/masai-gym.com\/index.php\/members\/mohamed-akrri\/\" class=\"teama\"><img width=\"400\" height=\"400\" src=\"https:\/\/masai-gym.com\/wp-content\/uploads\/2013\/07\/mohamed_akrri-400x400.jpg\" class=\"attachment-team size-team wp-post-image\" alt=\"\" loading=\"lazy\" srcset=\"https:\/\/masai-gym.com\/wp-content\/uploads\/2013\/07\/mohamed_akrri-400x400.jpg 400w, https:\/\/masai-gym.com\/wp-content\/uploads\/2013\/07\/mohamed_akrri-150x150.jpg 150w, https:\/\/masai-gym.com\/wp-content\/uploads\/2013\/07\/mohamed_akrri-300x300.jpg 300w, https:\/\/masai-gym.com\/wp-content\/uploads\/2013\/07\/mohamed_akrri.jpg 500w\" sizes=\"(max-width: 400px) 100vw, 400px\" \/><\/a><h5 class=\"cro_accent cro_galtitle\">Mohamed Akrri<\/h5><p class=\"cro_teamdesc\"><\/p><div class=\"clarlabel\"><a href=\"https:\/\/masai-gym.com\/index.php\/members\/mohamed-akrri\/\">Mehr Infos<\/a><\/div><\/div><div class=\"teamtable cro_eqheight\"><div class=\"teamtablehead\">Coach<\/div><div class=\"teamtablebody\">Kickboxen | K-1 Kinder | Jugend<\/div><\/div><\/li><li class=\"cro_teamli clearfix \"><div class=\"imgouter imgteamshort cro_eqheight\"><a href=\"https:\/\/masai-gym.com\/index.php\/members\/branko-kosanic\/\" class=\"teama\"><img width=\"400\" height=\"400\" src=\"https:\/\/masai-gym.com\/wp-content\/uploads\/2017\/01\/branko-400x400.jpg\" class=\"attachment-team size-team wp-post-image\" alt=\"\" loading=\"lazy\" srcset=\"https:\/\/masai-gym.com\/wp-content\/uploads\/2017\/01\/branko-400x400.jpg 400w, https:\/\/masai-gym.com\/wp-content\/uploads\/2017\/01\/branko-150x150.jpg 150w, https:\/\/masai-gym.com\/wp-content\/uploads\/2017\/01\/branko-300x300.jpg 300w, https:\/\/masai-gym.com\/wp-content\/uploads\/2017\/01\/branko.jpg 500w\" sizes=\"(max-width: 400px) 100vw, 400px\" \/><\/a><h5 class=\"cro_accent cro_galtitle\">Branko Kosanic<\/h5><p class=\"cro_teamdesc\"><\/p><div class=\"clarlabel\"><a href=\"https:\/\/masai-gym.com\/index.php\/members\/branko-kosanic\/\">Mehr Infos<\/a><\/div><\/div><div class=\"teamtable cro_eqheight\"><div class=\"teamtablehead\">Coach<\/div><div class=\"teamtablebody\">Kickboxen | K-1 Erwachsene<\/div><\/div><\/li><\/ul><\/h1>\n<h1><strong><span style=\"color: #c61617;\">Kickboxen<\/span><\/strong><\/h1>\n<p>Kickboxen ist eine Kampfsportart, bei der das Schlagen mit F\u00fc\u00dfen und H\u00e4nden wie bei den Kampfsportarten Karate mit konventionellem Boxen verbunden wird. Ellbogen- und Kniest\u00f6\u00dfe sind in einigen Staaten (z. B. USA, Australien) verboten. In den einzelnen Schulen und Sportverb\u00e4nden ist unterschiedlich geregelt, ob der Gegner gehalten werden darf oder welche Trefferfl\u00e4chen beim Gegen\u00fcber erlaubt sind. Das Halten des Gegners, sowie das zu Fall bringen und in \u201eden Clinch\u201c gehen bezieht sich wieder auf das Muay Thai. Tiefschl\u00e4ge sind immer tabu, jedoch sind in manchen Verb\u00e4nden Tritte (Kicks) auf die Oberschenkel (Lowkicks) erlaubt. Verbandsabh\u00e4ngig unterschiedlich geregelt ist auch die Verwendung von Handdrehschl\u00e4gen und Fu\u00dffegern (Techniken, mit denen der Gegner aus dem Gleichgewicht gebracht wird). Allen Verb\u00e4nden gemeinsam ist das Verbot des Schlagens auf den R\u00fccken und auf Gegner, die am Boden liegen, sowie das Werfen des Konkurrenten.<\/p>\n<p>Kickboxen als Wettkampfdisziplin geht auf das Jahr 1974 zur\u00fcck, es hie\u00df damals \u201eAll Style Karate\u201c, \u201eSport-Karate\u201c oder \u201eContact-Karate\u201c. In diesem Jahr einigten sich die Gr\u00fcnder des Weltverbandes WASKO (World All Style Karate Organisation), Mike Anderson, Georg F. Br\u00fcckner und andere darauf, die traditionellen fern\u00f6stlichen Kampfmethoden wie Tae Kwon Do, Karate, Kung-Fu usw., zu einem sportlichen Wettkampf mit einheitlichen Regeln zu machen und gegen andere Kampfsysteme anzutreten. 1985 entwickelte sich daraus das Shootboxen. Die WAKO und die WKA sind die gr\u00f6\u00dften Weltverb\u00e4nde und richten j\u00e4hrlich Weltmeisterschaften aus.<\/p>\n\r\n\r\n<div class=\"responsivewrap\">\r\n\t<ul class=\"responsivetimes\">\r\n\t\t<li><div class=\"responsive_singletitle\">Montag<\/div><div class=\"responsive_singledesc\">Kids (4-7 Jahre)<br\/>16:00 - 16:45<\/div><div class=\"responsive_singledesc\">Kids (8-12 Jahre)<br\/>17:00 - 18:00<\/div><div class=\"responsive_singledesc\">Jugend<br\/>18:15 - 19:45<\/div><div class=\"responsive_singledesc\">Erwachsene<br\/>20:00 - 21:30<\/div><\/li><li><div class=\"responsive_singletitle\">Mittwoch<\/div><div class=\"responsive_singledesc\">Kids (4-7 Jahre)<br\/>16:00 - 16:45<\/div><div class=\"responsive_singledesc\">Kids (8-12 Jahre)<br\/>17:00 - 18:00<\/div><div class=\"responsive_singledesc\">Jugend<br\/>18:15 - 19:45<\/div><div class=\"responsive_singledesc\">Erwachsene<br\/>20:00 - 21:30<\/div><\/li><li><div class=\"responsive_singletitle\">Donnerstag<\/div><div class=\"responsive_singledesc\">Frauen<br\/>17:00 - 18:30<\/div><\/li><li><div class=\"responsive_singletitle\">Freitag<\/div><div class=\"responsive_singledesc\">Kids (4-7 Jahre)<br\/>16:00 - 16:45<\/div><div class=\"responsive_singledesc\">Kids (8-12 Jahre)<br\/>17:00 - 18:00<\/div><div class=\"responsive_singledesc\">Jugend<br\/>18:15 - 19:45<\/div><div class=\"responsive_singledesc\">Erwachsene<br\/>20:00 - 21:30<\/div><\/li><li><div class=\"responsive_singletitle\">Samstag<\/div><div class=\"responsive_singledesc\">Frauen<br\/>11:00 - 12:30<\/div><\/li>\t<\/ul>\r\n<\/div>\r\n\r\n<div class=\"cro_timetablewrap\">\r\n\t<ul class=\"cro_hourlines\">\r\n\t\t<li class=\"cro_hlines\">\r\n\t\t\t<ul class=\"cro_daylines clearfix\">\r\n\t\t\t\t\t\t\t<li class=\"cro_dlines cro_titlelines\">&nbsp;<\/li>\r\n\t\t\t\t\t\t\t<li class=\"cro_dlines cro_titlelines\">Montag<\/li>\r\n\t\t\t\t\t\t\t<li class=\"cro_dlines cro_titlelines\">Dienstag<\/li>\r\n\t\t\t\t\t\t\t<li class=\"cro_dlines cro_titlelines\">Mittwoch<\/li>\r\n\t\t\t\t\t\t\t<li class=\"cro_dlines cro_titlelines\">Donnerstag<\/li>\r\n\t\t\t\t\t\t\t<li class=\"cro_dlines cro_titlelines\">Freitag<\/li>\r\n\t\t\t\t\t\t\t<li class=\"cro_dlines cro_titlelines\">Samstag<\/li>\r\n\t\t\t\t\t\t\t<li class=\"cro_dlines cro_titlelines\">Sonntag<\/li>\r\n\t\t\t\t\t\t<\/ul>\r\n\t\t<\/li>\r\n\r\n\t \r\n\t\t<li class=\"cro_hlines\">\r\n\t\t\t<ul class=\"cro_daylines clearfix\">\r\n\t\t\t\t\t\t\t\t<!-- <pp cho sprintf(\"%02s\", $i); ?>:00 -->\r\n\t\t\t\t<li class=\"cro_dlines\">11:00 - 12:00<\/li>\r\n\t\t\t\t\t\t\t\t<li class=\"cro_dlines cro_emptytable\">&nbsp;<\/li>\r\n\t\t\t\t\t\t\t\t<li class=\"cro_dlines cro_emptytable\">&nbsp;<\/li>\r\n\t\t\t\t\t\t\t\t<li class=\"cro_dlines cro_emptytable\">&nbsp;<\/li>\r\n\t\t\t\t\t\t\t\t<li class=\"cro_dlines cro_emptytable\">&nbsp;<\/li>\r\n\t\t\t\t\t\t\t\t<li class=\"cro_dlines cro_emptytable\">&nbsp;<\/li>\r\n\t\t\t\t\t\t\t\t<li class=\"cro_dlines cro_timetableactive\">Frauen<br\/>11:00 - 12:30<\/li>\r\n\t\t\t\t\t\t\t\t<li class=\"cro_dlines cro_emptytable\">&nbsp;<\/li>\r\n\t\t\t\t\t\t\t<\/ul>\r\n\t\t<\/li>\t\t\r\n\t \r\n\t\t<li class=\"cro_hlines\">\r\n\t\t\t<ul class=\"cro_daylines clearfix\">\r\n\t\t\t\t\t\t\t\t<!-- <pp cho sprintf(\"%02s\", $i); ?>:00 -->\r\n\t\t\t\t<li class=\"cro_dlines\">12:00 - 13:00<\/li>\r\n\t\t\t\t\t\t\t\t<li class=\"cro_dlines cro_emptytable\">&nbsp;<\/li>\r\n\t\t\t\t\t\t\t\t<li class=\"cro_dlines cro_emptytable\">&nbsp;<\/li>\r\n\t\t\t\t\t\t\t\t<li class=\"cro_dlines cro_emptytable\">&nbsp;<\/li>\r\n\t\t\t\t\t\t\t\t<li class=\"cro_dlines cro_emptytable\">&nbsp;<\/li>\r\n\t\t\t\t\t\t\t\t<li class=\"cro_dlines cro_emptytable\">&nbsp;<\/li>\r\n\t\t\t\t\t\t\t\t<li class=\"cro_dlines cro_emptytable\">&nbsp;<\/li>\r\n\t\t\t\t\t\t\t\t<li class=\"cro_dlines cro_emptytable\">&nbsp;<\/li>\r\n\t\t\t\t\t\t\t<\/ul>\r\n\t\t<\/li>\t\t\r\n\t \r\n\t\t<li class=\"cro_hlines\">\r\n\t\t\t<ul class=\"cro_daylines clearfix\">\r\n\t\t\t\t\t\t\t\t<!-- <pp cho sprintf(\"%02s\", $i); ?>:00 -->\r\n\t\t\t\t<li class=\"cro_dlines\">13:00 - 14:00<\/li>\r\n\t\t\t\t\t\t\t\t<li class=\"cro_dlines cro_emptytable\">&nbsp;<\/li>\r\n\t\t\t\t\t\t\t\t<li class=\"cro_dlines cro_emptytable\">&nbsp;<\/li>\r\n\t\t\t\t\t\t\t\t<li class=\"cro_dlines cro_emptytable\">&nbsp;<\/li>\r\n\t\t\t\t\t\t\t\t<li class=\"cro_dlines cro_emptytable\">&nbsp;<\/li>\r\n\t\t\t\t\t\t\t\t<li class=\"cro_dlines cro_emptytable\">&nbsp;<\/li>\r\n\t\t\t\t\t\t\t\t<li class=\"cro_dlines cro_emptytable\">&nbsp;<\/li>\r\n\t\t\t\t\t\t\t\t<li class=\"cro_dlines cro_emptytable\">&nbsp;<\/li>\r\n\t\t\t\t\t\t\t<\/ul>\r\n\t\t<\/li>\t\t\r\n\t \r\n\t\t<li class=\"cro_hlines\">\r\n\t\t\t<ul class=\"cro_daylines clearfix\">\r\n\t\t\t\t\t\t\t\t<!-- <pp cho sprintf(\"%02s\", $i); ?>:00 -->\r\n\t\t\t\t<li class=\"cro_dlines\">14:00 - 15:00<\/li>\r\n\t\t\t\t\t\t\t\t<li class=\"cro_dlines cro_emptytable\">&nbsp;<\/li>\r\n\t\t\t\t\t\t\t\t<li class=\"cro_dlines cro_emptytable\">&nbsp;<\/li>\r\n\t\t\t\t\t\t\t\t<li class=\"cro_dlines cro_emptytable\">&nbsp;<\/li>\r\n\t\t\t\t\t\t\t\t<li class=\"cro_dlines cro_emptytable\">&nbsp;<\/li>\r\n\t\t\t\t\t\t\t\t<li class=\"cro_dlines cro_emptytable\">&nbsp;<\/li>\r\n\t\t\t\t\t\t\t\t<li class=\"cro_dlines cro_emptytable\">&nbsp;<\/li>\r\n\t\t\t\t\t\t\t\t<li class=\"cro_dlines cro_emptytable\">&nbsp;<\/li>\r\n\t\t\t\t\t\t\t<\/ul>\r\n\t\t<\/li>\t\t\r\n\t \r\n\t\t<li class=\"cro_hlines\">\r\n\t\t\t<ul class=\"cro_daylines clearfix\">\r\n\t\t\t\t\t\t\t\t<!-- <pp cho sprintf(\"%02s\", $i); ?>:00 -->\r\n\t\t\t\t<li class=\"cro_dlines\">15:00 - 16:00<\/li>\r\n\t\t\t\t\t\t\t\t<li class=\"cro_dlines cro_emptytable\">&nbsp;<\/li>\r\n\t\t\t\t\t\t\t\t<li class=\"cro_dlines cro_emptytable\">&nbsp;<\/li>\r\n\t\t\t\t\t\t\t\t<li class=\"cro_dlines cro_emptytable\">&nbsp;<\/li>\r\n\t\t\t\t\t\t\t\t<li class=\"cro_dlines cro_emptytable\">&nbsp;<\/li>\r\n\t\t\t\t\t\t\t\t<li class=\"cro_dlines cro_emptytable\">&nbsp;<\/li>\r\n\t\t\t\t\t\t\t\t<li class=\"cro_dlines cro_emptytable\">&nbsp;<\/li>\r\n\t\t\t\t\t\t\t\t<li class=\"cro_dlines cro_emptytable\">&nbsp;<\/li>\r\n\t\t\t\t\t\t\t<\/ul>\r\n\t\t<\/li>\t\t\r\n\t \r\n\t\t<li class=\"cro_hlines\">\r\n\t\t\t<ul class=\"cro_daylines clearfix\">\r\n\t\t\t\t\t\t\t\t<!-- <pp cho sprintf(\"%02s\", $i); ?>:00 -->\r\n\t\t\t\t<li class=\"cro_dlines\">16:00 - 17:00<\/li>\r\n\t\t\t\t\t\t\t\t<li class=\"cro_dlines cro_timetableactive\">Kids (4-7 Jahre)<br\/>16:00 - 16:45<\/li>\r\n\t\t\t\t\t\t\t\t<li class=\"cro_dlines cro_emptytable\">&nbsp;<\/li>\r\n\t\t\t\t\t\t\t\t<li class=\"cro_dlines cro_timetableactive\">Kids (4-7 Jahre)<br\/>16:00 - 16:45<\/li>\r\n\t\t\t\t\t\t\t\t<li class=\"cro_dlines cro_emptytable\">&nbsp;<\/li>\r\n\t\t\t\t\t\t\t\t<li class=\"cro_dlines cro_timetableactive\">Kids (4-7 Jahre)<br\/>16:00 - 16:45<\/li>\r\n\t\t\t\t\t\t\t\t<li class=\"cro_dlines cro_emptytable\">&nbsp;<\/li>\r\n\t\t\t\t\t\t\t\t<li class=\"cro_dlines cro_emptytable\">&nbsp;<\/li>\r\n\t\t\t\t\t\t\t<\/ul>\r\n\t\t<\/li>\t\t\r\n\t \r\n\t\t<li class=\"cro_hlines\">\r\n\t\t\t<ul class=\"cro_daylines clearfix\">\r\n\t\t\t\t\t\t\t\t<!-- <pp cho sprintf(\"%02s\", $i); ?>:00 -->\r\n\t\t\t\t<li class=\"cro_dlines\">17:00 - 18:00<\/li>\r\n\t\t\t\t\t\t\t\t<li class=\"cro_dlines cro_timetableactive\">Kids (8-12 Jahre)<br\/>17:00 - 18:00<\/li>\r\n\t\t\t\t\t\t\t\t<li class=\"cro_dlines cro_emptytable\">&nbsp;<\/li>\r\n\t\t\t\t\t\t\t\t<li class=\"cro_dlines cro_timetableactive\">Kids (8-12 Jahre)<br\/>17:00 - 18:00<\/li>\r\n\t\t\t\t\t\t\t\t<li class=\"cro_dlines cro_timetableactive\">Frauen<br\/>17:00 - 18:30<\/li>\r\n\t\t\t\t\t\t\t\t<li class=\"cro_dlines cro_timetableactive\">Kids (8-12 Jahre)<br\/>17:00 - 18:00<\/li>\r\n\t\t\t\t\t\t\t\t<li class=\"cro_dlines cro_emptytable\">&nbsp;<\/li>\r\n\t\t\t\t\t\t\t\t<li class=\"cro_dlines cro_emptytable\">&nbsp;<\/li>\r\n\t\t\t\t\t\t\t<\/ul>\r\n\t\t<\/li>\t\t\r\n\t \r\n\t\t<li class=\"cro_hlines\">\r\n\t\t\t<ul class=\"cro_daylines clearfix\">\r\n\t\t\t\t\t\t\t\t<!-- <pp cho sprintf(\"%02s\", $i); ?>:00 -->\r\n\t\t\t\t<li class=\"cro_dlines\">18:00 - 19:00<\/li>\r\n\t\t\t\t\t\t\t\t<li class=\"cro_dlines cro_timetableactive\">Jugend<br\/>18:15 - 19:45<\/li>\r\n\t\t\t\t\t\t\t\t<li class=\"cro_dlines cro_emptytable\">&nbsp;<\/li>\r\n\t\t\t\t\t\t\t\t<li class=\"cro_dlines cro_timetableactive\">Jugend<br\/>18:15 - 19:45<\/li>\r\n\t\t\t\t\t\t\t\t<li class=\"cro_dlines cro_emptytable\">&nbsp;<\/li>\r\n\t\t\t\t\t\t\t\t<li class=\"cro_dlines cro_timetableactive\">Jugend<br\/>18:15 - 19:45<\/li>\r\n\t\t\t\t\t\t\t\t<li class=\"cro_dlines cro_emptytable\">&nbsp;<\/li>\r\n\t\t\t\t\t\t\t\t<li class=\"cro_dlines cro_emptytable\">&nbsp;<\/li>\r\n\t\t\t\t\t\t\t<\/ul>\r\n\t\t<\/li>\t\t\r\n\t \r\n\t\t<li class=\"cro_hlines\">\r\n\t\t\t<ul class=\"cro_daylines clearfix\">\r\n\t\t\t\t\t\t\t\t<!-- <pp cho sprintf(\"%02s\", $i); ?>:00 -->\r\n\t\t\t\t<li class=\"cro_dlines\">19:00 - 20:00<\/li>\r\n\t\t\t\t\t\t\t\t<li class=\"cro_dlines cro_emptytable\">&nbsp;<\/li>\r\n\t\t\t\t\t\t\t\t<li class=\"cro_dlines cro_emptytable\">&nbsp;<\/li>\r\n\t\t\t\t\t\t\t\t<li class=\"cro_dlines cro_emptytable\">&nbsp;<\/li>\r\n\t\t\t\t\t\t\t\t<li class=\"cro_dlines cro_emptytable\">&nbsp;<\/li>\r\n\t\t\t\t\t\t\t\t<li class=\"cro_dlines cro_emptytable\">&nbsp;<\/li>\r\n\t\t\t\t\t\t\t\t<li class=\"cro_dlines cro_emptytable\">&nbsp;<\/li>\r\n\t\t\t\t\t\t\t\t<li class=\"cro_dlines cro_emptytable\">&nbsp;<\/li>\r\n\t\t\t\t\t\t\t<\/ul>\r\n\t\t<\/li>\t\t\r\n\t \r\n\t\t<li class=\"cro_hlines\">\r\n\t\t\t<ul class=\"cro_daylines clearfix\">\r\n\t\t\t\t\t\t\t\t<!-- <pp cho sprintf(\"%02s\", $i); ?>:00 -->\r\n\t\t\t\t<li class=\"cro_dlines\">20:00 - 21:00<\/li>\r\n\t\t\t\t\t\t\t\t<li class=\"cro_dlines cro_timetableactive\">Erwachsene<br\/>20:00 - 21:30<\/li>\r\n\t\t\t\t\t\t\t\t<li class=\"cro_dlines cro_emptytable\">&nbsp;<\/li>\r\n\t\t\t\t\t\t\t\t<li class=\"cro_dlines cro_timetableactive\">Erwachsene<br\/>20:00 - 21:30<\/li>\r\n\t\t\t\t\t\t\t\t<li class=\"cro_dlines cro_emptytable\">&nbsp;<\/li>\r\n\t\t\t\t\t\t\t\t<li class=\"cro_dlines cro_timetableactive\">Erwachsene<br\/>20:00 - 21:30<\/li>\r\n\t\t\t\t\t\t\t\t<li class=\"cro_dlines cro_emptytable\">&nbsp;<\/li>\r\n\t\t\t\t\t\t\t\t<li class=\"cro_dlines cro_emptytable\">&nbsp;<\/li>\r\n\t\t\t\t\t\t\t<\/ul>\r\n\t\t<\/li>\t\t\r\n\t \r\n\t\t<li class=\"cro_hlines\">\r\n\t\t\t<ul class=\"cro_daylines clearfix\">\r\n\t\t\t\t\t\t\t\t<!-- <pp cho sprintf(\"%02s\", $i); ?>:00 -->\r\n\t\t\t\t<li class=\"cro_dlines\">21:00 - 22:00<\/li>\r\n\t\t\t\t\t\t\t\t<li class=\"cro_dlines cro_emptytable\">&nbsp;<\/li>\r\n\t\t\t\t\t\t\t\t<li class=\"cro_dlines cro_emptytable\">&nbsp;<\/li>\r\n\t\t\t\t\t\t\t\t<li class=\"cro_dlines cro_emptytable\">&nbsp;<\/li>\r\n\t\t\t\t\t\t\t\t<li class=\"cro_dlines cro_emptytable\">&nbsp;<\/li>\r\n\t\t\t\t\t\t\t\t<li class=\"cro_dlines cro_emptytable\">&nbsp;<\/li>\r\n\t\t\t\t\t\t\t\t<li class=\"cro_dlines cro_emptytable\">&nbsp;<\/li>\r\n\t\t\t\t\t\t\t\t<li class=\"cro_dlines cro_emptytable\">&nbsp;<\/li>\r\n\t\t\t\t\t\t\t<\/ul>\r\n\t\t<\/li>\t\t\r\n\t\r\n\t<\/ul>\r\n<\/div>\n","protected":false},"excerpt":{"rendered":"<p>Kickboxen Kickboxen ist eine Kampfsportart, bei der das Schlagen mit F\u00fc\u00dfen und H\u00e4nden wie bei den Kampfsportarten Karate mit konventionellem Boxen verbunden wird. Ellbogen- und Kniest\u00f6\u00dfe sind in einigen Staaten (z. B. USA, Australien) verboten. In den einzelnen Schulen und Sportverb\u00e4nden ist unterschiedlich geregelt, ob der Gegner gehalten werden darf oder welche Trefferfl\u00e4chen beim Gegen\u00fcber&hellip;<\/p>\n","protected":false},"author":2,"featured_media":0,"parent":0,"menu_order":0,"comment_status":"closed","ping_status":"closed","template":"","meta":[],"_links":{"self":[{"href":"https:\/\/masai-gym.com\/index.php\/wp-json\/wp\/v2\/pages\/827"}],"collection":[{"href":"https:\/\/masai-gym.com\/index.php\/wp-json\/wp\/v2\/pages"}],"about":[{"href":"https:\/\/masai-gym.com\/index.php\/wp-json\/wp\/v2\/types\/page"}],"author":[{"embeddable":true,"href":"https:\/\/masai-gym.com\/index.php\/wp-json\/wp\/v2\/users\/2"}],"replies":[{"embeddable":true,"href":"https:\/\/masai-gym.com\/index.php\/wp-json\/wp\/v2\/comments?post=827"}],"version-history":[{"count":8,"href":"https:\/\/masai-gym.com\/index.php\/wp-json\/wp\/v2\/pages\/827\/revisions"}],"predecessor-version":[{"id":900,"href":"https:\/\/masai-gym.com\/index.php\/wp-json\/wp\/v2\/pages\/827\/revisions\/900"}],"wp:attachment":[{"href":"https:\/\/masai-gym.com\/index.php\/wp-json\/wp\/v2\/media?parent=827"}],"curies":[{"name":"wp","href":"https:\/\/api.w.org\/{rel}","templated":true}]}}